 factor of 103561?
False
Does 128 divide 20480?
True
Does 18 divide 1858500?
True
Is 24 a factor of 2750200?
False
Is 4204239 a multiple of 39?
True
Does 3 divide 90186?
True
Is 395 a factor of 1626509?
False
Does 36 divide 300034?
False
Is 6186100 a multiple of 681?
False
Is 61184 a multiple of 8?
True
Is 3446631 a multiple of 9?
True
Is 152 a factor of 4765804?
False
Is 229 a factor of 392634?
False
Is 182 a factor of 837928?
True
Does 43 divide 278769?
True
Is 8 a factor of 590840?
True
Is 401632 a multiple of 7?
True
Is 59 a factor of 279777?
False
Is 359113 a multiple of 616?
False
Is 76 a factor of 190573?
False
Does 583 divide 651211?
True
Does 69 divide 42090?
True
Does 50 divide 1245388?
False
Is 876512 a multiple of 86?
True
Is 1058022 a multiple of 63?
True
Is 15207999 a multiple of 609?
False
Is 69094 a multiple of 4?
False
Is 200 a factor of 2635422?
False
Does 18 divide 10088352?
True
Is 103669 a multiple of 148?
False
Is 407694 a multiple of 14?
True
Is 191 a factor of 6985825?
True
Is 549694 a multiple of 188?
False
Does 21 divide 59117?
False
Is 10011698 a multiple of 961?
True
Is 6298344 a multiple of 137?
False
Does 92 divide 125304?
True
Does 8 divide 189288?
True
Is 303 a factor of 160590?
True
Does 16 divide 2817247?
False
Is 78 a factor of 1959175?
False
Is 20928 a multiple of 192?
True
Does 98 divide 761852?
True
Is 370650 a multiple of 7?
True
Is 14 a factor of 10422412?
True
Does 322 divide 2845270?
False
Does 23 divide 170614?
True
Is 6 a factor of 48396?
True
Does 7 divide 119644?
True
Is 20 a factor of 346672?
False
Does 115 divide 80645?
False
Is 96 a factor of 276288?
True
Does 348 divide 76066?
False
Is 3 a factor of 6596?
False
Is 26 a factor of 6307422?
False
Does 238 divide 202880?
False
Is 141038 a multiple of 159?
False
Is 737 a factor of 923461?
True
Does 17 divide 399483?
True
Is 21 a factor of 2039088?
False
Does 6 divide 53261?
False
Is 2 a factor of 21601?
False
Is 4141375 a multiple of 22?
False
Does 1233 divide 5338890?
True
Is 129 a factor of 94397?
False
Does 141 divide 242225?
False
Does 61 divide 1417091?
True
Is 195300 a multiple of 13?
False
Is 32 a factor of 3317233?
False
Is 8923409 a multiple of 19?
False
Is 1539782 a multiple of 72?
False
Is 70363 a multiple of 45?
False
Does 421 divide 1207428?
True
Does 62 divide 251781?
False
Is 1378905 a multiple of 183?
True
Is 15 a factor of 981679?
False
Is 6 a factor of 1001239?
False
Is 11 a factor of 6786704?
False
Is 77673 a multiple of 34?
False
Does 69 divide 98510?
False
Is 12560248 a multiple of 605?
False
Is 49309 even?
False
Is 229060 a multiple of 20?
True
Does 161 divide 6913179?
True
Does 45 divide 93570?
False
Is 23 a factor of 5603122?
True
Is 158 a factor of 20224?
True
Is 690424 a multiple of 7?
True
Does 28 divide 87170?
False
Is 18683 a multiple of 17?
True
Is 156 a factor of 2386800?
True
Is 185 a factor of 331378?
False
Is 80514 a multiple of 205?
False
Is 33 a factor of 202100?
False
Is 11 a factor of 26400?
True
Does 14 divide 10267626?
False
Is 153 a factor of 702270?
True
Is 72 a factor of 417661?
False
Does 23 divide 79313?
False
Is 19 a factor of 722112?
False
Is 183 a factor of 114375?
True
Is 1674 a factor of 1143342?
True
Is 18283 a multiple of 37?
False
Is 137 a factor of 1719972?
False
Is 328 a factor of 2289112?
True
Is 18552692 a multiple of 11?
False
Is 25 a factor of 309725?
True
Does 16 divide 784215?
False
Does 22 divide 604947?
False
Is 2208197 a multiple of 44?
False
Is 1639110 a multiple of 10?
True
Does 3 divide 38271?
True
Is 269149 a multiple of 314?
False
Is 33 a factor of 22668?
False
Does 51 divide 825019?
False
Is 19 a factor of 1550894?
True
Is 106639 a multiple of 319?
False
Is 904024 a multiple of 698?
False
Is 182 a factor of 399967?
False
Is 14 a factor of 513968?
True
Is 209264 a multiple of 88?
True
Does 322 divide 583786?
True
Is 434 a factor of 1193452?
False
Is 272 a factor of 51680?
True
Is 353 a factor of 2140788?
False
Does 14 divide 5564137?
False
Is 76 a factor of 418461?
False
Does 71 divide 267031?
True
Is 217658 even?
True
Is 46976 a multiple of 20?
False
Is 3 a factor of 680371?
False
Is 22902 even?
True
Does 5 divide 228796?
False
Is 29 a factor of 604795?
True
Is 320 a factor of 2547200?
True
Is 19 a factor of 5074714?
False
Is 1047900 a multiple of 21?
True
Does 97 divide 110774?
True
Does 154 divide 499268?
True
Is 141441 a multiple of 186?
False
Is 464 a factor of 13025872?
True
Is 32 a factor of 656244?
False
Is 5006547 a multiple of 9?
True
Is 42 a factor of 36473?
False
Is 349353 a multiple of 82?
False
Is 958 a factor of 3090752?
False
Is 58 a factor of 254794?
True
Does 190 divide 457381?
False
Is 523 a factor of 9602280?
True
Is 2177664 a multiple of 424?
True
Is 40 a factor of 7662210?
False
Is 21 a factor of 259413?
True
Does 4 divide 66319?
False
Is 7 a factor of 420588?
True
Is 14 a factor of 314903?
False
Does 38 divide 653964?
False
Is 2985 a multiple of 15?
True
Is 13872 a multiple of 24?
True
Is 9901429 a multiple of 17?
True
Is 12 a factor of 377148?
True
Is 26 a factor of 26331266?
True
Does 354 divide 230342?
False
Does 34 divide 64838?
True
Is 163 a factor of 1568221?
False
Is 709424 a multiple of 878?
True
Is 24 a factor of 2794320?
True
Does 13 divide 176711?
False
Does 166 divide 653033?
False
Is 301 a factor of 3577084?
True
Does 8 divide 227441?
False
Is 26701824 a multiple of 53?
True
Is 2674833 a multiple of 88?
False
Is 28967 a multiple of 125?
False
Does 130 divide 6914700?
True
Is 21 a factor of 1912323?
True
Is 95828 a multiple of 16?
False
Is 18072346 a multiple of 1067?
False
Is 24 a factor of 727347?
False
Is 3 a factor of 28615?
False
Does 275 divide 261709?
False
Is 1309095 a multiple of 54?
False
Is 158906 a multiple of 3?
False
Does 5 divide 27210?
True
Is 7736014 a multiple of 242?
True
Is 34 a factor of 5082388?
True
Is 4 a factor of 69428?
True
Does 78 divide 8136451?
False
Does 703 divide 6015571?
True
Is 1368535 a multiple of 305?
True
Is 112046 a multiple of 11?
True
Is 15048880 a multiple of 98?
True
Is 50477 a multiple of 4?
False
Does 5 divide 26038?
False
Is 653171 a multiple of 89?
True
Does 562 divide 615390?
True
Is 138 a factor of 166842?
True
Is 50668 a multiple of 11?
False
Is 655751 a multiple of 479?
True
Is 1011925 a multiple of 209?
False
Is 61 a factor of 227896?
True
Is 69 a factor of 302829?
False
Is 528 a factor of 4498067?
False
Is 8 a factor of 2102258?
False
Is 89 a factor of 170168?
True
Is 321 a factor of 176229?
True
Does 236 divide 1232129?
False
Is 25119021 a multiple of 77?
False
Does 18 divide 5578704?
True
Is 139 a factor of 6086949?
True
Is 508245 a multiple of 93?
True
Is 2089891 a multiple of 268?
False
Does 25 divide 44338?
False
Does 202 divide 8827283?
False
Is 6065928 a multiple of 1782?
True
Is 4663136 a multiple of 30?
False
Is 4536644 a multiple of 406?
True
Is 33 a factor of 123288?
True
Is 25571 a multiple of 91?
True
Is 138 a factor of 163057?
False
Is 126 a factor of 19278?
True
Does 21 divide 1185534?
True
Is 348 a factor of 1452204?
True
Is 126 a factor of 3298085?
False
Is 641985 a multiple of 127?
True
Does 309 divide 12991830?
False
Is 23 a factor of 70541?
True
Does 1309 divide 11794090?
True
Is 4752 a multiple of 9?
True
Is 7239708 a multiple of 223?
False
Does 3 divide 1030146?
True
Is 189568 a multiple of 152?
False
Does 12 divide 31257159?
False
Does 77 divide 79817?
False
Does 9 divide 90342?
True
Does 49 divide 9593792?
False
Is 2380560 a multiple of 182?
True
Is 82810 a multiple of 21?
False
Does 586 divide 1869340?
True
Does 397 divide 5971845?
False
Is 18 a factor of 398888?
False
Is 167 a factor of 596190?
True
Is 577538 a multiple of 552?
False
Is 2 a factor of 104664?
True
Is 829 a factor of 12192932?
True
Is 82 a factor of 5795514?
True
Does 165 divide 848595?
True
Does 94 divide 1616985?
False
Does 205 divide 2076586?
False
Is 24 a factor of 4342248?
True
Is 11526 a multiple of 319?
False
Does 110 divide 28975870?
True
Is 262656 a multiple of 32?
True
Does 223 divide 4841561?
False
Is 17 a factor of 230328?
False
Is 12 a factor of 2262394?
False
Is 3124583 a multiple of 17?
True
Does 70 divide 2241946?
False
Is 6 a factor of 10032627?
False
Does 254 divide 3226693?
False
